{"id":137563,"date":"2026-04-27T09:00:56","date_gmt":"2026-04-27T07:00:56","guid":{"rendered":"https:\/\/www.oslomyntgalleri.no\/?post_type=product&#038;p=137563"},"modified":"2026-04-27T09:00:59","modified_gmt":"2026-04-27T07:00:59","slug":"1642-det-tysk-romerske-riket-augsburg-taler-1-1","status":"publish","type":"product","link":"https:\/\/www.oslomyntgalleri.no\/en\/produkt\/1642-det-tysk-romerske-riket-augsburg-taler-1-1\/","title":{"rendered":"1642 Det tysk-romerske riket, Augsburg taler, 1\/1+"},"content":{"rendered":"","protected":false},"excerpt":{"rendered":"<p class=\"font-claude-response-body break-words whitespace-normal leading-[1.7]\"><strong>1 Thaler \u2014 Fri riksby Augsburg, 1641<br \/>\n<\/strong>Augsburg var en av de mektigste frie riksbyene i det tysk-romerske riket \u2014 et handelssentrum av europeisk rang, kjent som hjemby for Fugger-dynastiet og som et av kontinentets ledende finansielle knutepunkter. Som fri riksby stod den direkte under keiseren og hadde rett til \u00e5 prege egne mynter i sitt navn, med keiserens bilde p\u00e5 baksiden som bekreftelse p\u00e5 denne b\u00e5ndet.<\/p>\n<p class=\"font-claude-response-body break-words whitespace-normal leading-[1.7]\">Thaleren ble preget under Ferdinand III, som regjerte midt i tretti\u00e5rskrigens siste og mest \u00f8deleggende fase \u2014 freden i Westfalen kom f\u00f8rst i 1648. Forsiden viser byens vedtatte bilde i barokt ornamentramme med byens symbol, konglekotten, i midten; baksiden b\u00e6rer keiserens pansrede portrett med den fulle keiserlige tittel.<\/p>\n<p>Tyske stater &#8211; Augsburg<br \/>\n1 Thaler 1642<br \/>\nS\u00f8lv 28,55 g. 43 mm<br \/>\nKv. 1\/1+<br \/>\nDav. 5039<\/p>\n<p> <a href=\"https:\/\/www.oslomyntgalleri.no\/en\/produkt\/1642-det-tysk-romerske-riket-augsburg-taler-1-1\/\"><\/a><\/p>\n","protected":false},"featured_media":137636,"template":"","meta":{"_acf_changed":false},"product_brand":[],"product_cat":[193,189,188],"product_tag":[],"class_list":{"0":"post-137563","1":"product","2":"type-product","3":"status-publish","4":"has-post-thumbnail","6":"product_cat-tyskland-en","7":"product_cat-europa-en","8":"product_cat-verden-en","10":"first","11":"outofstock","12":"shipping-taxable","13":"purchasable","14":"product-type-simple"},"acf":[],"_links":{"self":[{"href":"https:\/\/www.oslomyntgalleri.no\/en\/wp-json\/wp\/v2\/product\/137563","targetHints":{"allow":["GET"]}}],"collection":[{"href":"https:\/\/www.oslomyntgalleri.no\/en\/wp-json\/wp\/v2\/product"}],"about":[{"href":"https:\/\/www.oslomyntgalleri.no\/en\/wp-json\/wp\/v2\/types\/product"}],"wp:featuredmedia":[{"embeddable":true,"href":"https:\/\/www.oslomyntgalleri.no\/en\/wp-json\/wp\/v2\/media\/137636"}],"wp:attachment":[{"href":"https:\/\/www.oslomyntgalleri.no\/en\/wp-json\/wp\/v2\/media?parent=137563"}],"wp:term":[{"taxonomy":"product_brand","embeddable":true,"href":"https:\/\/www.oslomyntgalleri.no\/en\/wp-json\/wp\/v2\/product_brand?post=137563"},{"taxonomy":"product_cat","embeddable":true,"href":"https:\/\/www.oslomyntgalleri.no\/en\/wp-json\/wp\/v2\/product_cat?post=137563"},{"taxonomy":"product_tag","embeddable":true,"href":"https:\/\/www.oslomyntgalleri.no\/en\/wp-json\/wp\/v2\/product_tag?post=137563"}],"curies":[{"name":"wp","href":"https:\/\/api.w.org\/{rel}","templated":true}]}}

<p class="font-claude-response-body break-words whitespace-normal leading-[1.7]"><strong>1 Thaler — Fri riksby Augsburg, 1641<br />
</strong>Augsburg var en av de mektigste frie riksbyene i det tysk-romerske riket — et handelssentrum av europeisk rang, kjent som hjemby for Fugger-dynastiet og som et av kontinentets ledende finansielle knutepunkter. Som fri riksby stod den direkte under keiseren og hadde rett til å prege egne mynter i sitt navn, med keiserens bilde på baksiden som bekreftelse på denne båndet.</p>
<p class="font-claude-response-body break-words whitespace-normal leading-[1.7]">Thaleren ble preget under Ferdinand III, som regjerte midt i trettiårskrigens siste og mest ødeleggende fase — freden i Westfalen kom først i 1648. Forsiden viser byens vedtatte bilde i barokt ornamentramme med byens symbol, konglekotten, i midten; baksiden bærer keiserens pansrede portrett med den fulle keiserlige tittel.</p>
<p>Tyske stater &#8211; Augsburg<br />
1 Thaler 1642<br />
Sølv 28,55 g. 43 mm<br />
Kv. 1/1+<br />
Dav. 5039</p>
<p> <a href="https://www.oslomyntgalleri.no/en/produkt/1642-det-tysk-romerske-riket-augsburg-taler-1-1/"></a></p>
